base 2) to base 9
37875
Convert 79 (base 12) to base 16.
5d
What is -a1 (base 12) in base 16?
-79
18b (base 13) to base 16
11c
Convert -32a3 (base 11) to base 8.
-10374
What is 2320 (base 6) in base 2?
1000101000
Convert -124051 (base 7) to base 8.
-54751
-1201 (base 4) to base 9
-117
What is -1220 (base 15) in base 6?
-25503
Convert -2256 (base 8) to base 15.
-54d
-2182 (base 9) to base 5
-22423
Convert -110110101011111 (base 2) to base 8.
-66537
Convert 960 (base 14) to base 4.
130320
-7402 (base 8) to base 5
-110332
Convert -2022011001 (base 3) to base 16.
-b0fb
Convert -30b1 (base 14) to base 15.
-2742
What is -21a (base 11) in base 9?
-322
What is 10100101000 (base 2) in base 14?
6a4
What is 16816 (base 9) in base 16?
2d4e
-7ca (base 13) to base 7
-3635
What is 976 (base 11) in base 14?
5da
What is -13201 (base 4) in base 12?
-341
What is 654 (base 15) in base 10?
1429
What is 42520 (base 12) in base 10?
87144
Convert 110222 (base 3) to base 5.
2400
What is 21e (base 15) in base 11?
3a6
1521 (base 9) to base 4
102001
What is -8d25 (base 15) in base 3?
-1112002122
What is -101001 (base 3) in base 13?
-17b
Convert 43220 (base 5) to base 14.
10d9
Convert 1002000 (base 3) to base 16.
30f
Convert -10121122 (base 3) to base 13.
-127a
2132 (base 5) to base 6
1204
What is 101481 (base 9) in base 4?
32230033
-12046 (base 8) to base 11
-396a
Convert 24060 (base 8) to base 13.
48b5
Convert -848 (base 13) to base 14.
-72c
What is -313 (base 4) in base 8?
-67
Convert -101111 (base 5) to base 10.
-3281
What is -2575 (base 8) in base 6?
-10301
What is -11212 (base 4) in base 6?
-1354
What is 1264 (base 12) in base 8?
4054
Convert -303303 (base 6) to base 4.
-11320113
5135 (base 6) to base 5
14024
What is -72c (base 14) in base 11?
-1074
-144 (base 15) to base 13
-193
Convert 10110011001 (base 2) to base 10.
1433
What is 21203 (base 4) in base 16?
263
Convert -10101101011 (base 3) to base 2.
-10000010000110101
What is 97b (base 14) in base 7?
5314
-5555 (base 10) to base 14
-204b
What is 224 (base 11) in base 2?
100001100
What is 346c (base 16) in base 10?
13420
What is -7878 (base 10) in base 2?
-1111011000110
11101010001100 (base 2) to base 15
4693
What is 104301 (base 5) in base 4?
321311
Convert -22234 (base 6) to base 15.
-dcd
-260 (base 13) to base 5
-3131
1b423 (base 12) to base 15
be4c
Convert 1c0c9 (base 13) to base 11.
38432
Convert -1203021 (base 4) to base 6.
-45213
What is -52403 (base 6) in base 4?
-1232103
-2000012111 (base 3) to base 9
-60174
Convert 11101011110 (base 2) to base 6.
12422
Convert -34660 (base 7) to base 10.
-8911
What is 2021 (base 8) in base 5?
13131
Convert -2211202 (base 4) to base 6.
-121014
What is 23041 (base 5) in base 6?
11342
5272 (base 8) to base 7
11002
Convert -905 (base 12) to base 4.
-110111
Convert 852b (base 12) to base 7.
60335
What is -1120 (base 3) in base 4?
-222
2305 (base 9) to base 15
78b
Convert -3d1 (base 16) to base 9.
-1305
Convert -22023321 (base 4) to base 6.
-521053
151431 (base 7) to base 11
20083
Convert -111101000100010 (base 2) to base 3.
-1120220000
Convert -503 (base 11) to base 16.
-260
Convert -7b98 (base 14) to base 13.
-9a29
What is -101110010 (base 2) in base 15?
-19a
Convert -496a (base 11) to base 4.
-1211121
541 (base 11) to base 15
2d5
200341 (base 5) to base 7
24334
Convert -11110010 (base 2) to base 11.
-200
-102111 (base 3) to base 4
-10312
What is 431446 (base 7) in base 11?
51396
-3112323 (base 4) to base 15
-4120
What is 1183 (base 9) in base 3?
1012210
-1010111101 (base 2) to base 13
-41c
Convert -1100013 (base 4) to base 16.
-1407
214 (base 9) to base 13
106
Convert 10111110011000 (base 2) to base 15.
3924
What is -4015 (base 11) in base 6?
-40420
-1100101101010 (base 2) to base 7
-24653
-1040530 (base 6) to base 4
-30231012
2100110 (base 3) to base 4
122301
4440 (base 6) to base 10
1032
2175 (base 13) to base 2
1001000110011
Convert -2254 (base 7) to base 9.
-1114
What is -336 (base 9) in base 11?
-231
2314 (base 6) to base 4
20212
Convert -10010002 (base 3) to base 12.
-1392
-15207 (base 8) to base 10
-6791
What is -13221231 (base 4) in base 8?
-75155
-245350 (base 6) to base 9
-33103
-4110 (base 7) to base 14
-740
What is 45361 (base 7) in base 11?
8713
What is 11101000011001 (base 2) in base 8?
35031
132000 (base 4) to base 13
b49
What is 2001 (base 3) in base 5?
210
Convert 50d6 (base 15) to base 16.
42b4
What is -23230 (base 4) in base 9?
-1021
-265 (base 13) to base 4
-12211
Convert 6717 (base 9) to base 16.
135d
Convert 110200 (base 3) to base 10.
342
Convert -3df (base 16) to base 10.
-991
-32406 (base 9) to base 7
-116412
Convert 3747 (base 12) to base 9.
8511
-53d (base 15) to base 5
-14213
What is -399 (base 14) in base 8?
-1323
What is 7263 (base 13) in base 7?
64026
100011000000111 (base 2) to base 11
12518
9d (base 16) to base 9
184
Convert -1103 (base 15) to base 6.
-24403
225 (base 6) to base 15
5e
What is -1055 (base 13) in base 7?
-6416
What is 281 (base 16) in base 5?
10031
Convert -100000100111 (base 2) to base 13.
-c47
Convert -18a9 (base 13) to base 16.
-e68
Convert -c28 (base 13) to base 11.
-1605
-3274 (base 13) to base 10
-7024
-223112 (base 5) to base 14
-2c4b
What is -31114 (base 10) in base 15?
-9344
20c0 (base 16) to base 9
12445
2917 (base 11) to base 13
193c
Convert 26324 (base 7) to base 10.
7025
What is 12540 (base 6) in base 10?
1932
8541 (base 14) to base 13
a605
Convert a815 (base 12) to base 9.
27268
Convert -304444 (base 5) to base 3.
-111201100
What is 296b (base 13) in base 11?
4569
What is -1367 (base 8) in base 14?
-3c3
ec (base 15) to base 12
166
Convert -10422 (base 6) to base 11.
-1102
Convert 1020110 (base 3) to base 16.
387
35532 (base 10) to base 7
205410
What is 1544 (base 7) in base 3?
211222
What is 33370 (base 9) in base 4?
11122200
What is -101011110010110 (base 2) in base 15?
-699c
What is -26277 (base 9) in base 15?
-53bd
Convert -1c1 (base 15) to base 6.
-1514
Convert 26a (base 12) to base 3.
111201
-9bac (base 14) to base 7
-141505
What is -5502 (base 7) in base 13?
-b7c
What is 488 (base 9) in base 4?
12110
What is 410 (base 6) in base 16?
96
113444 (base 6) to base 12
5884
What is 4534 (base 7) in base 4?
121222
-13a (base 14) to base 10
-248
What is -127 (base 10) in base 9?
-151
Convert -24b3 (base 12) to base 3.
-12201100
What is 26436 (base 9) in base 16?
45bd
411 (base 15) to base 6
4124
Convert -232b (base 14) to base 8.
-13743
What is 2301231 (base 4) in base 14?
4205
What is -325 (base 8) in base 7?
-423
What is -202200010 (base 3) in base 12?
-8879
Convert -242c (base 13) to base 7.
-20615
Convert -559 (base 15) to base 6.
-5333
Convert 80 (base 16) to base 12.
a8
What is 2866 (base 14) in base 15?
21b6
What is 63a (base 11) in base 10?
769
-62c7 (base 16) to base 2
-110001011000111
Convert 1dae (base 16) to base 12.
4492
Convert 2022210020 (base 3) to base 6.
551523
What is -16263 (base 7) in base 2?
-1000111111010
-13041 (base 6) to base 2
-11110110001
Convert 2458 (base 9) to base 10.
1835
Convert 200201 (base 3) to base 6.
2201
224 (base 10) to base 2
11100000
What is -20206 (base 8) in base 6?
-102314
2522 (base 8) to base 11
1029
Convert 13510 (base 7) to base 5.
104212
Convert 3311312 (base 4) to base 5.
1000414
4242 (base 5) to base 8
1074
Convert 633 (base 7) to base 4.
10332
What is 30a3 (base 15) in base 11?
77a4
Convert 5420 (base 8) to base 12.
1780
What is 64478 (base 9) in base 5?
2331202
What is 1c33 (base 15) in base 8?
13753
Convert 343666 (base 7) to base 4.
32333110
What is 73a (base 16) in base 8?
3472
Convert -a388 (base 15) to base 5.
-2101203
Convert 1538 (base 14) to base 9.
5153
3b3b (base 14) to base 5
313231
Convert -4125 (base 7) to base 16.
-5a0
Convert 213 (base 6) to base 2.
1010001
5a (base 15) to base 14
61
Convert -1da (base 14) to base 16.
-184
885 (base 9) to base 15
335
Convert 10978 (base 12) to base 4.
11121230
Convert 11221320 (base 4) to base 11.
16445
Convert 143 (base 14) to base 3.
100110
What is -111121 (base 3) in base 5?
-2432
What is -25219 (base 11) in base 9?
-54581
-4698 (base 14) to base 3
-121212001
What is -1010221020 (base 3) in base 10?
-22551
What is -4320 (base 12) in base 14?
-2984
14230 (base 6) to base 2
100011001010
Convert -12644 (base